 = -3 - -2. Determine x(f).
-4
Suppose -6 = 2*v + v. Let f be (-4)/8 + (-9)/v. Suppose -7*o + 2*o + 2*m = 33, -f*m = -16. Let t(a) = a**2 + 6*a + 3. Determine t(o).
-2
Let z(r) = -2*r + 12. Let g be z(6). Let s(o) = -o - o**2 + 3*o - o + 1. What is s(g)?
1
Let y(h) = -h. Let c(p) = -p**2 + p - 4. Let g(a) = c(a) - 4*y(a). What is g(5)?
-4
Suppose 0 = -5*g + 3*s - 21, g = -0*g + 4*s - 11. Let u(f) = -f**2 + 4*f - 5. Let m(j) = j**2 - 5*j + 5. Let n(i) = g*u(i) - 4*m(i). Give n(6).
7
Let o be 0/(-1*(-3 - -2)). Let d(f) = 5 - 2 + f + o*f. Let v be (-6)/2 - (3 + -1). What is d(v)?
-2
Let z(p) = -p - 2. Let a(b) be the second derivative of b**5/20 + 7*b**4/12 - b**3/6 - 3*b**2/2 - 4*b. Let n be a(-7). What is z(n)?
-6
Let a(n) = -1. Let q(v) = 2*v**2 + 4*v + 10. Let p(x) = -10*a(x) - q(x). Let i(s) = -s + 1. Let h be i(4). Calculate p(h).
-6
Let z(x) = -x**2 - 5*x + 4. Let b be (-3)/(-6) - 0 - 18/4. Determine z(b).
8
Let r(q) = q**3 - 10*q**2 + 9*q - 1. Let c be r(9). Let o = -8 + 13. Let d(n) = o*n**2 - 5 + 1 + 5. Give d(c).
6
Let n(w) = -3*w**2 - 3*w - 8. Let g(m) = 4*m**2 + 3*m + 9. Let i(p) = 4*g(p) + 5*n(p). Suppose 3*z = 7 + 8. Determine i(z).
6
Let b(c) = -c**2 - 7*c - 2. Let k be 10/(28/126 - (-20)/(-9)). What is b(k)?
8
Suppose -7 = -3*s + 8. Let w(n) be the third derivative of -n**4/8 - n**3/6 + n**2. Let t(q) = -4*q - 2. Let z(i) = s*t(i) - 6*w(i). What is z(-4)?
4
Let f(c) = c. Let q = -2 + 2. Calculate f(q).
0
Let v(u) = -2*u**3 + u - 1. Suppose 6*x - 9*x = -12. Suppose 5*h + x = -p, -p - 2*h + 1 - 2 = 0. Determine v(p).
-2
Let x = 40 - 26. Let j(k) = k + 2*k - 6 + x. Let i(l) = 9*l + 23. Let s(n) = -6*i(n) + 17*j(n). Give s(-2).
4
Let w(a) = 0*a + 3 + 2 - a. Suppose 4*r - 18 = j, -r = r + 4*j. Let m = 8 - r. What is w(m)?
1
Suppose 7 = 4*w + 3. Let p(m) = m**2 - m + 3. Let v be p(0). Let a(z) = 9*z**2 - 5 + v*z + 4 - 2*z. Determine a(w).
9
Let d(o) be the third derivative of o**6/120 - o**5/20 - o**4/6 - o**3/2 - o**2. Let k = -3 + 7. Give d(k).
-3
Let a(w) = -2*w**3 - 15*w**2 - 13*w + 1. Let q(p) = 3*p**3 + 22*p**2 + 19*p - 2. Let m(f) = 7*a(f) + 5*q(f). Determine m(-4).
-3
Let v(q) be the third derivative of q**5/60 + 228*q**2. Suppose -4*k + 1 = -3. What is v(k)?
1
Let u(a) be the first derivative of -a**3/3 + 11*a**2/2 - 8*a + 29. Give u(7).
20
Let d(w) = w + 10. Let c(y) be the first derivative of -9*y + 3. Let l(t) = 5*c(t) + 4*d(t). What is l(4)?
11
Let y(b) = -3*b**2 - 15*b + 6. Let k(p) = -2*p**2 - 8*p + 3. Let n(o) = 5*k(o) - 3*y(o). Let f(w) = -w**3 + 3*w**2 + 2*w - 5. Let v be f(2). What is n(v)?
3
Let z(i) = -i**3 - 11*i**2 - 9*i + 13. Let v be z(-10). Let x(n) = -3*n - 3. Determine x(v).
-12
Let v(s) = s**3 - 4*s**2 + s. Suppose -8 = 2*n, 3*f = 4*n - 11 + 36. Suppose f*g + 5*q - 41 = -g, -2*g = 5*q - 33. Suppose 4*b - 3*b = g. Give v(b).
4
Let r(n) = -n**2 + 5*n + 5. Let t be r(5). Let z(m) = 11*m - 5*m + 1 - t*m. Let i be (10/(-6))/((-3)/9). Give z(i).
6
Let h(w) = 0*w**3 + w**3 + 1 - 3*w**2 + 2*w - w**2. Let d be (24/(-18))/((-2)/6). Suppose t - 7 = -d. Determine h(t).
-2
Let t(k) = k**2 + 3*k - 4. Suppose -3*a + 0 = -6. Let y = -1 - a. Calculate t(y).
-4
Let a(s) = 8*s. Let d(y) = y**2 + 22*y - 24. Let k be d(-23). Determine a(k).
-8
Let r(o) = -5*o + 4. Let l = 109 + -113. Give r(l).
24
Let u(k) be the second derivative of -k**4/12 + 4*k**3/3 + 2*k. Let r be u(8). Let b(i) = -4*i**2 - i**3 + 0 + r*i**3 - 2 - 3*i. Give b(-2).
-4
Let z(s) = s - 6. Suppose -4*p - 4*n = 16, 2*p - n = -2*p + 4. Give z(p).
-6
Suppose -2*g = -0*g - o + 12, -3*g + 5*o = 32. Let m(k) be the first derivative of -k**2 - 3*k + 3. Give m(g).
5
Let k(l) = 7*l**3 + 3*l**2 - 11*l + 19. Let b(n) = -3*n**3 - 2*n**2 + 5*n - 9. Let s(v) = -5*b(v) - 2*k(v). What is s(-5)?
-3
Suppose 4*n = -1 - 3. Let r(q) = 0 - 1 + 2 + 11*q - 3*q. Give r(n).
-7
Let b(j) = -j + 4. Let q(o) = o**3 + 9*o**2 - 9*o + 16. Let d be q(-10). Give b(d).
-2
Let w(n) = 6*n - 2. Let y(v) = 7*v - 2. Let u(r) = 6*w(r) - 5*y(r). Suppose 3*i - 15 = -2*j + 4*i, 5*j = -3*i + 10. Determine u(j).
3
Let f(u) = u**3 + 3*u**2 - 4*u - 5. Let y = 0 - 4. What is f(y)?
-5
Let y(a) = -a. Suppose -19 = -3*z - 4. Calculate y(z).
-5
Suppose -2*t - 7 = -t - 3*g, -4*t = 4*g - 20. Let i(n) = -n**t + 3*n**2 - 3 + 2. Suppose 2*w + 4 - 2 = 0. What is i(w)?
1
Let l(h) = 4*h + 8. Let j(u) = -4*u - 9. Let v(a) = 5*a + 1. Let i be v(1). Let d(f) = i*l(f) + 5*j(f). Calculate d(-2).
-5
Suppose -5*i = -2*n - 5, -2*i = 2*i - 5*n - 4. Let v(l) = 2*l - 4 + l + l. Let o(p) = 12*p - 11. Let q(k) = 4*o(k) - 11*v(k). Calculate q(i).
4
Let t(x) = 138 + x + 2*x**2 + 5*x - 144 - x**2. Give t(-6).
-6
Suppose -4*o - 5*j - 28 = 0, -14*o - 16 = -10*o + 2*j. Let v(i) = -3*i**2 + i + 1. Give v(o).
-13
Let h(z) = z + 12. Suppose 5*m = 7*m + 16. Calculate h(m).
4
Suppose -5*r + 325 = -35. Suppose n + r = 4*n. Suppose 4*x - 2*z = n, -2*z = -3*x + 2*z + 28. Let o(s) = -s**2 + s + 4. Determine o(x).
-8
Let n(d) = -d. Let r(a) = -2*a + 1. Let h(w) = -3*n(w) + r(w). Determine h(-5).
-4
Let d(a) = -a + 1. Let s(o) = 3*o - 8. Let t(g) = -4*d(g) - s(g). Let v(w) = -w**2 - w - 4. Let r be v(0). Determine t(r).
0
Let n(l) = -11*l**2 - l. Suppose -j + 4 + 0 = 0. Let g = 11 + -8. Let m = g - j. What is n(m)?
-10
Let s(y) = -y**2 - y + 9. Let a = -15 - -15. Calculate s(a).
9
Let i = 53 - 56. Let k(m) = m**3 + 2*m**2 - m + 1. Calculate k(i).
-5
Let t(b) = b**2 - 9*b + 8. Let u(r) = -4*r**2 + 28*r - 23. Let y(q) = -7*t(q) - 2*u(q). What is y(-8)?
-2
Let b(k) = 5*k - 5. Let q(v) = -v + 1. Let h(o) = 4*b(o) + 25*q(o). Give h(4).
-15
Suppose 5*m + 22 = 4*s - 2*s, 5*s - 9 = m. Let h(l) = 14*l**2 - 2*l + 1. Give h(s).
13
Let p be 8/6*(-30)/(-40). Let d(m) = m**3 + m**2 - m. Calculate d(p).
1
Let g(h) = -h**2 - 4*h - 4. Suppose -6*d = -d - 10. Let s = d + -6. What is g(s)?
-4
Let b(w) = -1 - 3 + 8 - 4*w + w**2. Let f(i) = -3*i + 38. Let u be f(11). Calculate b(u).
9
Let h(a) = -10 - a + 19 - 11. Let u(c) = c**3 - 3*c**2 - 4*c. Let p be u(4). Determine h(p).
-2
Let h(a) = 2*a**2 + 5*a + 4. Suppose -3*i = -2*z - 0*i + 7, -3*z + 1 = 5*i. Let w be (-116)/(-24) - z/(-12). Let t = w - 8. Calculate h(t).
7
Let y(m) = -3*m - 1. Let x be y(-1). Let z = 1 - -4. Suppose -x*f + z*d - 23 = -5, 2*d - 6 = 2*f. Let l(u) = -u**3 - u**2 + 2*u - 1. Give l(f).
-1
Let o(i) = -15*i - 24. Let h(b) = 3 + 5 - 9 - b. Let x be 2/(-4)*0 + 18. Let v(s) = x*h(s) - o(s). Calculate v(4).
-6
Let a = 5 - 1. Let u(n) = -2*n - 3. Let s(f) = 2*f + 3. Let c(j) = a*s(j) + 3*u(j). Give c(4).
11
Suppose 20 = 6*f - 2*f, -f + 4 = c. Let x be (-4)/(-6)*(-2 + 5). Let h(o) = 3*o**2 + 2*o**2 + 0 + x*o + 1. What is h(c)?
4
Suppose 0 = 5*k + c + 5 + 6, -2*k - 1 = -3*c. Let v be (-1 - -2) + 2*1. Let g(d) = -2*d**2 - 2*d**3 - d**v + 2*d**3. Calculate g(k).
0
Suppose -3*a - 2*a + 10 = 0. Suppose -7 - 3 = -a*v. Let o(w) be the first derivative of -w**3/3 + 2*w**2 + 2*w - 286. Calculate o(v).
-3
Let j(k) = -k**2 - 8*k + 9. Let v(c) = c + 3. Let h be v(-12). Determine j(h).
0
Let h(c) = -c**3 - 5*c**2 + c + 3. Suppose -4 = 2*r - 2*l + 6, 4*l - 15 = 3*r. Determine h(r).
-2
Let q(u) = u**3 + 3*u**2 - 5*u - 2. Suppose 33 = -x - 2*x - 5*o, 5*o = -15. Let c be 12/(-9)*x/(-2). Calculate q(c).
2
Let w(i) be the third derivative of 1/20*i**5 - 1/8*i**4 + 1/120*i**6 + 0*i - 1/2*i**3 + 0 - 9*i**2. Give w(-3).
6
Let w(l) be the second derivative of l**3/6 - 2*l**2 - 3*l. Suppose -2*p + i - 4 = -i, 8 = -3*p + i. Let r(o) = -o**2 - 4*o + 1. Let c be r(p). What is w(c)?
0
Let a(j) = j - 4. Suppose 4*w = -2*g + 22, 5*w + 6*g - 26 = 2*g. What is a(w)?
2
Let p(v) be the second derivative of -v**4/12 - v**3/3 - v**2/2 + 2*v. Suppose 5*x - 10 = -0*x. Determine p(x).
-9
Let i(q) = 5*q**2 - 9. Let t(h) = -9*h**2 + h + 17. Let k(u) = 7*i(u) + 4*t(u). Determine k(4).
5
Let m(k) = k**3 - 2*k**3 - k**2 + 5 + 12*k**2. Let v be m(11). Let h(p) = 2 - 2*p**2 - 2*p**2 - 6*p + p**3 - 6. Give h(v).
-9
Suppose 5*v + 0*v = 10. Let w(n) = 24*n**3 - 25*n**3 + 2*n**v + 3 - 5 - 1 + 2*n. Give w(2).
1
Let h(b) be the second derivative of -b**5/40 - b**4/12 + 2*b**3/3 + 2*b. Let r(s) be the second derivative of h(s). Determine r(-2).
4
Suppose -n = n. Let w(h) be the first derivative of h**4/4 + h**2/2 + 2*h + 2. Determine w(n).
2
Let c(x) = 